 17
What are the prime factors of 4146?
2, 3, 691
What are the prime factors of 13285?
5, 2657
What are the prime factors of 32479?
32479
What are the prime factors of 1852?
2, 463
List the prime factors of 8326.
2, 23, 181
List the prime factors of 5574.
2, 3, 929
What are the prime factors of 829?
829
What are the prime factors of 5086?
2, 2543
What are the prime factors of 10785?
3, 5, 719
What are the prime factors of 138876?
2, 3, 71, 163
What are the prime factors of 40171?
17, 139
List the prime factors of 62661.
3, 20887
List the prime factors of 1366.
2, 683
What are the prime factors of 4317?
3, 1439
List the prime factors of 4552.
2, 569
List the prime factors of 6777.
3, 251
What are the prime factors of 22718?
2, 37, 307
List the prime factors of 3649.
41, 89
What are the prime factors of 4772?
2, 1193
What are the prime factors of 727?
727
List the prime factors of 1489.
1489
What are the prime factors of 4703?
4703
List the prime factors of 24643.
19, 1297
List the prime factors of 22290.
2, 3, 5, 743
List the prime factors of 6941.
11, 631
What are the prime factors of 697?
17, 41
What are the prime factors of 15063?
3, 5021
What are the prime factors of 352?
2, 11
What are the prime factors of 2110?
2, 5, 211
What are the prime factors of 916?
2, 229
List the prime factors of 134.
2, 67
List the prime factors of 51.
3, 17
List the prime factors of 1195.
5, 239
What are the prime factors of 56848?
2, 11, 17, 19
What are the prime factors of 1350?
2, 3, 5
List the prime factors of 8649.
3, 31
What are the prime factors of 4263?
3, 7, 29
List the prime factors of 1063.
1063
List the prime factors of 6056.
2, 757
List the prime factors of 1906.
2, 953
What are the prime factors of 4483?
4483
What are the prime factors of 27851?
27851
What are the prime factors of 16138?
2, 8069
List the prime factors of 22853.
22853
What are the prime factors of 3524?
2, 881
What are the prime factors of 2459?
2459
List the prime factors of 13475.
5, 7, 11
List the prime factors of 3284.
2, 821
What are the prime factors of 75106?
2, 17, 47
What are the prime factors of 616?
2, 7, 11
What are the prime factors of 43562?
2, 23, 947
What are the prime factors of 6593?
19, 347
What are the prime factors of 54922?
2, 7, 3923
What are the prime factors of 562?
2, 281
List the prime factors of 37512.
2, 3, 521
List the prime factors of 2170.
2, 5, 7, 31
List the prime factors of 15655.
5, 31, 101
List the prime factors of 2718.
2, 3, 151
List the prime factors of 645.
3, 5, 43
What are the prime factors of 33478?
2, 19, 881
List the prime factors of 7349.
7349
List the prime factors of 13.
13
List the prime factors of 2502.
2, 3, 139
What are the prime factors of 306?
2, 3, 17
What are the prime factors of 1061?
1061
What are the prime factors of 391?
17, 23
List the prime factors of 817.
19, 43
List the prime factors of 854.
2, 7, 61
What are the prime factors of 55741?
7, 7963
What are the prime factors of 789?
3, 263
What are the prime factors of 678?
2, 3, 113
List the prime factors of 510.
2, 3, 5, 17
What are the prime factors of 10?
2, 5
List the prime factors of 55328.
2, 7, 13, 19
List the prime factors of 8398.
2, 13, 17, 19
What are the prime factors of 13695?
3, 5, 11, 83
What are the prime factors of 1660?
2, 5, 83
List the prime factors of 1748.
2, 19, 23
What are the prime factors of 3028?
2, 757
List the prime factors of 2.
2
What are the prime factors of 1430?
2, 5, 11, 13
What are the prime factors of 11826?
2, 3, 73
What are the prime factors of 20114?
2, 89, 113
What are the prime factors of 1183?
7, 13
What are the prime factors of 12069?
3, 149
List the prime factors of 3441.
3, 31, 37
What are the prime factors of 3192?
2, 3, 7, 19
What are the prime factors of 2196?
2, 3, 61
What are the prime factors of 2619?
3, 97
What are the prime factors of 2759?
31, 89
What are the prime factors of 43920?
2, 3, 5, 61
What are the prime factors of 3005?
5, 601
What are the prime factors of 1314?
2, 3, 73
What are the prime factors of 3338?
2, 1669
List the prime factors of 4122.
2, 3, 229
List the prime factors of 2205.
3, 5, 7
What are the prime factors of 5204?
2, 1301
What are the prime factors of 75996?
2, 3, 2111
What are the prime factors of 9098?
2, 4549
List the prime factors of 21328.
2, 31, 43
What are the prime factors of 56597?
56597
What are the prime factors of 784?
2, 7
What are the prime factors of 766?
2, 383
List the prime factors of 77261.
77261
What are the prime factors of 4680?
2, 3, 5, 13
List the prime factors of 77.
7, 11
What are the prime factors of 471?
3, 157
What are the prime factors of 22?
2, 11
List the prime factors of 114882.
2, 3, 41, 467
What are the prime factors of 1242?
2, 3, 23
What are the prime factors of 2099?
2099
What are the prime factors of 1452?
2, 3, 11
What are the prime factors of 33682?
2, 11, 1531
List the prime factors of 81783.
3, 13, 233
List the prime factors of 245.
5, 7
What are the prime factors of 23856?
2, 3, 7, 71
What are the prime factors of 15268?
2, 11, 347
What are the prime factors of 108?
2, 3
List the prime factors of 24563.
7, 11, 29
List the prime factors of 42406.
2, 7, 13, 233
List the prime factors of 3691.
3691
List the prime factors of 851.
23, 37
What are the prime factors of 3902?
2, 1951
List the prime factors of 127.
127
List the prime factors of 764.
2, 191
What are the prime factors of 1930?
2, 5, 193
What are the prime factors of 1382?
2, 691
List the prime factors of 9161.
9161
List the prime factors of 39234.
2, 3, 13, 503
List the prime factors of 49.
7
What are the prime factors of 56410?
2, 5, 5641
List the prime factors of 20415.
3, 5, 1361
What are the prime factors of 7119?
3, 7, 113
What are the prime factors of 1269?
3, 47
List the prime factors of 1522.
2, 761
List the prime factors of 6949.
6949
List the prime factors of 1781.
13, 137
List the prime factors of 24751.
53, 467
What are the prime factors of 1598?
2, 17, 47
What are the prime factors of 1014?
2, 3, 13
What are the prime factors of 5445?
3, 5, 11
What are the prime factors of 1033?
1033
List the prime factors of 23011.
23011
What are the prime factors of 1023?
3, 11, 31
List the prime factors of 2221.
2221
What are the prime factors of 77134?
2, 38567
List the prime factors of 5684.
2, 7, 29
What are the prime factors of 97030?
2, 5, 31, 313
List the prime factors of 398.
2, 199
List the prime factors of 59854.
2, 29927
List the prime factors of 50281.
7, 11, 653
List the prime factors of 478.
2, 239
What are the prime factors of 1776?
2, 3, 37
List the prime factors of 50071.
7, 23, 311
List the prime factors of 7653.
3, 2551
What are the prime factors of 42283?
42283
List the prime factors of 17792.
2, 139
What are the prime factors of 1952?
2, 61
List the prime factors of 116867.
116867
What are the prime factors of 1930?
2, 5, 193
What are the prime factors of 536?
2, 67
List the prime factors of 36215.
5, 7243
List the prime factors of 6712.
2, 839
What are the prime factors of 287?
7, 41
List the prime factors of 27956.
2, 29, 241
List the prime factors of 20.
2, 5
What are the prime factors of 45001?
11, 4091
What are the prime factors of 3752?
2, 7, 67
List the prime factors of 114122.
2, 43, 1327
List the prime factors of 9005.
5, 1801
What are the prime factors of 2362?
2, 1181
List the prime factors of 2746.
2, 1373
What are the prime factors of 51281?
19, 2699
What are the prime factors of 3562?
2, 13, 137
What are the prime factors of 188?
2, 47
List the prime factors of 90564.
2, 3, 7547
List the prime factors of 1887.
3, 17, 37
What are the prime factors of 48138?
2, 3, 71, 113
What are the prime factors of 1184?
2, 37
What are the prime factors of 746?
2, 373
What are the prime factors of 83?
83
What are the prime factors of 1494?
2, 3, 83
What are the prime factors of 40889?
31, 1319
List the prime factors of 140.
2, 5, 7
List the prime factors of 8051.
83, 97
List the prime factors of 27007.
113, 239
List the prime factors of 2204.
2, 19, 29
What are the prime factors of 43311?
3, 14437
What are the prime factors of 1699?
1699
What are the prime factors of 8458?
2, 4229
What are the prime factors of 8?
2
What are the prime factors of 1519?
7, 31
List the prime 